e highest common factor of 2064 and 1100144?
16
What is the highest common divisor of 1084100 and 18752?
1172
Calculate the greatest common divisor of 5945 and 55016219.
1189
What is the highest common divisor of 2565884 and 10?
2
Calculate the highest common divisor of 712416 and 7968.
96
Calculate the greatest common divisor of 167576237 and 367.
367
What is the greatest common divisor of 32 and 30324592?
16
Calculate the greatest common factor of 22615020 and 72.
36
Calculate the greatest common factor of 45694 and 54679102.
4154
Calculate the greatest common divisor of 2129816 and 8.
8
What is the highest common divisor of 11589292 and 858?
286
Calculate the greatest common factor of 4251924 and 18.
18
What is the highest common divisor of 335 and 2099950?
5
What is the highest common divisor of 20 and 59559040?
20
What is the highest common factor of 187 and 194815291?
187
What is the highest common factor of 88 and 1714043672?
88
Calculate the greatest common factor of 384 and 77684652.
12
What is the highest common divisor of 206302059 and 55395?
11079
What is the highest common factor of 28012516 and 34846?
1834
Calculate the greatest common factor of 153672 and 599186.
674
What is the greatest common factor of 15093 and 1242189?
351
Calculate the highest common factor of 248 and 34347256.
248
What is the highest common factor of 128 and 2392816?
16
What is the greatest common divisor of 20698208 and 1162?
166
Calculate the greatest common factor of 810 and 176.
2
Calculate the highest common factor of 299385 and 33840.
45
What is the greatest common factor of 38315 and 845987537?
7663
What is the highest common divisor of 53694166 and 8230?
1646
What is the highest common factor of 23293686 and 2361918?
8346
What is the highest common factor of 9130 and 5133799?
913
What is the greatest common divisor of 277506 and 528746?
1142
What is the greatest common factor of 7 and 1165199?
7
Calculate the highest common factor of 9474 and 2262.
6
What is the highest common divisor of 214944152 and 12385?
2477
Calculate the highest common factor of 3000 and 455640.
120
What is the highest common divisor of 702747 and 29493?
1017
What is the greatest common factor of 288 and 9277344?
288
What is the greatest common divisor of 200409 and 1104?
3
What is the highest common divisor of 8844 and 29006846?
1474
What is the greatest common factor of 571212 and 144?
36
What is the highest common divisor of 2146583 and 8074?
367
What is the greatest common factor of 133006 and 6278?
146
Calculate the greatest common factor of 65021407 and 77.
11
Calculate the greatest common divisor of 208275350 and 1403.
1403
Calculate the greatest common divisor of 95 and 276127.
19
What is the highest common divisor of 71928 and 5641464?
888
What is the greatest common divisor of 19157538 and 732?
366
What is the greatest common factor of 402 and 718446?
6
What is the highest common factor of 6108 and 1405260?
12
Calculate the highest common divisor of 5098273 and 13747.
233
Calculate the greatest common divisor of 62052 and 410.
2
What is the highest common divisor of 30071929 and 34?
17
Calculate the highest common divisor of 504 and 261604.
28
What is the greatest common divisor of 5334498 and 1327292?
5066
What is the greatest common divisor of 13430394 and 17082?
1314
Calculate the greatest common divisor of 4008142 and 82606.
206
What is the greatest common divisor of 623318704 and 16?
16
Calculate the highest common factor of 1663371 and 4631.
421
What is the highest common factor of 12 and 1870688604?
12
What is the greatest common divisor of 277814820 and 12?
12
What is the greatest common divisor of 7541734 and 4720?
118
What is the greatest common divisor of 140 and 9524585?
35
Calculate the greatest common divisor of 153 and 8335899.
153
What is the greatest common factor of 2888256 and 877632?
1344
Calculate the greatest common factor of 1071756 and 1841549.
4253
Calculate the highest common divisor of 1421 and 760333.
49
What is the greatest common divisor of 800 and 357584?
16
What is the highest common factor of 1024 and 101094144?
256
What is the highest common factor of 2799681210 and 782?
782
What is the highest common factor of 132492124 and 5036?
5036
Calculate the highest common divisor of 4478586 and 30044.
406
Calculate the greatest common factor of 3845 and 29865653.
769
What is the greatest common divisor of 102977027 and 42811?
1381
Calculate the greatest common divisor of 511 and 62865045.
73
Calculate the highest common factor of 2230080 and 4.
4
Calculate the highest common factor of 55176 and 9124731.
6897
Calculate the greatest common divisor of 727 and 18534138.
727
Calculate the greatest common factor of 92012480 and 80.
80
What is the greatest common divisor of 22455 and 39941457?
1497
What is the highest common factor of 88 and 14326103?
11
Calculate the highest common divisor of 1901102 and 665.
133
What is the highest common divisor of 34626166 and 36235?
7247
What is the highest common divisor of 2623773 and 86943?
1191
What is the highest common divisor of 1824065 and 427661?
491
Calculate the greatest common divisor of 220 and 3900710.
110
Calculate the greatest common divisor of 142236926 and 25194.
8398
Calculate the highest common divisor of 4936 and 16325203.
617
Calculate the highest common factor of 3429948 and 10176.
636
Calculate the highest common divisor of 2202 and 47954422.
734
What is the greatest common divisor of 321650 and 97300?
350
What is the greatest common factor of 36658 and 146?
2
Calculate the highest common factor of 2202 and 55140.
6
What is the highest common divisor of 36015387 and 167?
167
Calculate the highest common factor of 63056 and 1624.
56
Calculate the highest common factor of 2160 and 101945034.
54
Calculate the highest common factor of 3433620 and 3418188.
7716
What is the highest common divisor of 963525 and 265350?
2175
Calculate the greatest common divisor of 9485 and 188090.
35
What is the greatest common divisor of 364208 and 1279148?
884
What is the greatest common factor of 1700 and 3982325?
25
Calculate the greatest common divisor of 871236 and 57996.
324
What is the greatest common divisor of 11111830 and 60?
10
What is the highest common divisor of 4669 and 60204?
29
What is the highest common factor of 150240 and 42911048?
2504
What is the greatest common factor of 22596400 and 75?
25
Calculate the highest common divisor of 16464 and 1192056.
24
Calculate the greatest common factor of 63996410 and 7960.
1990
What is the highest common divisor of 108 and 2371896?
108
Calculate the greatest common divisor of 400700 and 24600.
100
Calculate the highest common divisor of 1228674 and 257063.
4357
Calculate the highest common divisor of 7430 and 468170.
10
Calculate the greatest common divisor of 282072 and 399.
21
What is the highest common divisor of 456 and 3172449?
57
What is the greatest common divisor of 12656997 and 995?
199
What is the greatest common divisor of 70 and 46854738?
14
What is the greatest common divisor of 15975 and 48979989?
639
What is the greatest common divisor of 5125 and 4641200?
1025
What is the greatest common divisor of 22 and 3619648714?
22
Calculate the greatest common factor of 59448167 and 578.
289
What is the highest common factor of 85224 and 2351716?
212
Calculate the greatest common factor of 12 and 1546832.
4
What is the highest common factor of 496110 and 782?
46
What is the greatest common factor of 55195 and 2219?
7
What is the greatest common divisor of 532550 and 3275?
25
What is the highest common factor of 279990 and 55680?
30
Calculate the greatest common divisor of 33524374 and 62050.
2482
What is the highest common divisor of 20 and 88254090?
10
What is the highest common divisor of 78360 and 246690?
30
Calculate the highest common divisor of 752 and 421909694.
94
Calculate the highest common divisor of 7028 and 362761264.
1004
Calculate the highest common factor of 1 and 16246031.
1
Calculate the highest common divisor of 18225484 and 6068.
164
What is the greatest common factor of 6119 and 232944?
211
What is the highest common divisor of 1284 and 554522792?
428
What is the highest common divisor of 186462357 and 23?
23
What is t